{"id":53,"date":"2024-07-11T10:18:25","date_gmt":"2024-07-11T10:18:25","guid":{"rendered":"https:\/\/stemoktatas.hu\/?page_id=53"},"modified":"2024-07-12T10:42:18","modified_gmt":"2024-07-12T10:42:18","slug":"oktatas","status":"publish","type":"page","link":"https:\/\/stemoktatas.hu\/?page_id=53","title":{"rendered":"Oktat\u00e1s"},"content":{"rendered":"\n<p>Az oktat\u00e1s 60 perces \u00f3r\u00e1kban t\u00f6rt\u00e9nik, amely lehet szem\u00e9lyes (Oroszl\u00e1nyban) vagy online form\u00e1ban is j\u00e1tsz\u00f3dhat.  Minden alkalommal a &#8222;t\u00e1bla k\u00e9p&#8221; amit \u00edrok megoszt\u00e1sra ker\u00fcl megosztott mapp\u00e1ban, amely k\u00e9pek az utols\u00f3 \u00f3ra ut\u00e1ni k\u00e9t h\u00e9tig el\u00e9rhet\u0151k a di\u00e1kok sz\u00e1m\u00e1ra. Az online oktat\u00e1s Google Meet platformon zajlik.<\/p>\n\n\n\n<p><strong>Korrepet\u00e1l\u00e1s:<\/strong><\/p>\n\n\n\n<ul class=\"wp-block-list\">\n<li>matematika (\u00e1ltal\u00e1nos-, k\u00f6z\u00e9p- \u00e9s fels\u0151fokon)<\/li>\n\n\n\n<li>fizika (\u00e1ltal\u00e1nos-, k\u00f6z\u00e9pfokon)<\/li>\n\n\n\n<li>g\u00e9p\u00e9szeti t\u00e1rgyak (\u00e1ltal\u00e1nos-, k\u00f6z\u00e9p- \u00e9s fels\u0151fokon)<\/li>\n\n\n\n<li>mechanika (k\u00f6z\u00e9p- \u00e9s fels\u0151fokon)<\/li>\n\n\n\n<li>m\u0171szaki \u00e1br\u00e1zol\u00e1s, g\u00e9prajz (k\u00f6z\u00e9p- \u00e9s fels\u0151fokon)<\/li>\n\n\n\n<li>CAD modellez\u00e9s (k\u00f6z\u00e9p- \u00e9s fels\u0151fokon)<\/li>\n<\/ul>\n\n\n\n<p><strong>\u00c9retts\u00e9gi felk\u00e9sz\u00edt\u00e9s<\/strong>:<\/p>\n\n\n\n<ul class=\"wp-block-list\">\n<li>matematika tant\u00e1rgyb\u00f3l<\/li>\n\n\n\n<li>emelet \u00e9s k\u00f6z\u00e9p szinten<\/li>\n\n\n\n<li>az \u00faj k\u00f6vetelm\u00e9nyek szerint<\/li>\n<\/ul>\n\n\n\n<p><strong>Felv\u00e9teli felk\u00e9sz\u00edt\u00e9s<\/strong><\/p>\n\n\n\n<ul class=\"wp-block-list\">\n<li>matematika t\u00e1rgyb\u00f3l<\/li>\n\n\n\n<li>feladatsorok gyakorl\u00e1sa<\/li>\n\n\n\n<li>\u00faj NAT k\u00f6vetelm\u00e9nyek szerint<\/li>\n<\/ul>\n\n\n\n<p><strong>MIcro:bit nyomkod\u00f3<\/strong>:<\/p>\n\n\n\n<ul class=\"wp-block-list\">\n<li>ismerked\u00e9s a microbittel<\/li>\n\n\n\n<li>programoz\u00e1si alapok<\/li>\n\n\n\n<li>DIY projektek megval\u00f3s\u00edt\u00e1sa (polip, malom)<\/li>\n<\/ul>\n\n\n\n<p><strong>M\u0171szaki egyetemi felk\u00e9sz\u00edt\u0151<\/strong>:<\/p>\n\n\n\n<p>A m\u0171szaki egyetemi felk\u00e9sz\u00edt\u0151 k\u00e9pz\u00e9s azoknak sz\u00f3l, akik valamilyen m\u0171szaki szakra szeretn\u00e9nek tov\u00e1bbtanulni \u00e9s meg szeretn\u00e9k szerezni azokat az alapvet\u0151 ismereteket, amelyek sz\u00fcks\u00e9gesek ahhoz, hogy az egyetemen k\u00f6nnyen vegy\u00e9k az akad\u00e1lyokat.<br>A k\u00e9pz\u00e9s h\u00e1rom modulb\u00f3l \u00e1ll, amelyek a k\u00f6vetkez\u0151k:<\/p>\n\n\n\n<ul class=\"wp-block-list\">\n<li>M\u0171szaki kommunik\u00e1ci\u00f3 ( 6 \u00f3ra\/ 3 h\u00e9t)<\/li>\n\n\n\n<li>Mechanika (10 \u00f3ra\/ 5 h\u00e9t)<\/li>\n\n\n\n<li>Anyagismeret (2 \u00f3ra\/ 1 h\u00e9t)<\/li>\n\n\n\n<li>A k\u00e9pz\u00e9s intenzit\u00e1sa: hetente 2\u00d745 perc \u00f3ra \u00e9s gyakorlati feladatok, amelyeket a k\u00e9pz\u00e9sen kapnak meg a r\u00e9sztvev\u0151k.<\/li>\n<\/ul>\n","protected":false},"excerpt":{"rendered":"<p>Az oktat\u00e1s 60 perces \u00f3r\u00e1kban t\u00f6rt\u00e9nik, amely lehet szem\u00e9lyes (Oroszl\u00e1nyban) vagy online form\u00e1ban is j\u00e1tsz\u00f3dhat. Minden alkalommal a &#8222;t\u00e1bla k\u00e9p&#8221; amit \u00edrok megoszt\u00e1sra ker\u00fcl megosztott mapp\u00e1ban, amely k\u00e9pek az utols\u00f3 \u00f3ra ut\u00e1ni k\u00e9t h\u00e9tig el\u00e9rhet\u0151k a di\u00e1kok sz\u00e1m\u00e1ra. Az online &hellip; <a href=\"https:\/\/stemoktatas.hu\/?page_id=53\">Egy kattint\u00e1s ide a folytat\u00e1shoz&#8230;. <span class=\"meta-nav\">&rarr;<\/span><\/a><\/p>\n","protected":false},"author":1,"featured_media":0,"parent":0,"menu_order":0,"comment_status":"closed","ping_status":"closed","template":"","meta":{"footnotes":""},"class_list":["post-53","page","type-page","status-publish","hentry"],"_links":{"self":[{"href":"https:\/\/stemoktatas.hu\/index.php?rest_route=\/wp\/v2\/pages\/53","targetHints":{"allow":["GET"]}}],"collection":[{"href":"https:\/\/stemoktatas.hu\/index.php?rest_route=\/wp\/v2\/pages"}],"about":[{"href":"https:\/\/stemoktatas.hu\/index.php?rest_route=\/wp\/v2\/types\/page"}],"author":[{"embeddable":true,"href":"https:\/\/stemoktatas.hu\/index.php?rest_route=\/wp\/v2\/users\/1"}],"replies":[{"embeddable":true,"href":"https:\/\/stemoktatas.hu\/index.php?rest_route=%2Fwp%2Fv2%2Fcomments&post=53"}],"version-history":[{"count":4,"href":"https:\/\/stemoktatas.hu\/index.php?rest_route=\/wp\/v2\/pages\/53\/revisions"}],"predecessor-version":[{"id":68,"href":"https:\/\/stemoktatas.hu\/index.php?rest_route=\/wp\/v2\/pages\/53\/revisions\/68"}],"wp:attachment":[{"href":"https:\/\/stemoktatas.hu\/index.php?rest_route=%2Fwp%2Fv2%2Fmedia&parent=53"}],"curies":[{"name":"wp","href":"https:\/\/api.w.org\/{rel}","templated":true}]}}